7200.
136
Calculate the highest common divisor of 272 and 44816.
16
What is the greatest common divisor of 159075 and 675?
225
Calculate the highest common divisor of 1254 and 7834574.
418
What is the greatest common divisor of 272526 and 9427?
857
What is the greatest common factor of 12714 and 117?
39
What is the greatest common factor of 5796 and 196?
28
What is the highest common factor of 1037 and 4811?
17
What is the highest common factor of 97388 and 6596?
388
Calculate the highest common divisor of 3626 and 19906.
74
Calculate the greatest common divisor of 58 and 339938.
58
Calculate the greatest common factor of 64 and 24224.
32
Calculate the greatest common factor of 395584 and 672.
224
Calculate the greatest common factor of 13442 and 320023.
517
What is the highest common factor of 12708 and 84?
12
What is the highest common divisor of 216 and 151416?
216
Calculate the highest common divisor of 4380 and 3495.
15
What is the greatest common divisor of 1782 and 2398?
22
What is the greatest common divisor of 1804366 and 172?
86
What is the highest common factor of 129 and 10430811?
129
Calculate the highest common factor of 70 and 30450.
70
What is the highest common factor of 3744 and 485316?
468
Calculate the greatest common divisor of 295 and 139889.
59
What is the highest common divisor of 4484 and 1761091?
1121
Calculate the greatest common factor of 204044 and 116.
116
Calculate the greatest common factor of 3104 and 231636.
388
Calculate the highest common factor of 211903 and 58.
29
Calculate the greatest common divisor of 644 and 63388.
92
What is the highest common divisor of 3210 and 4926?
6
Calculate the greatest common factor of 112 and 63084.
28
What is the highest common factor of 1020 and 234120?
60
Calculate the highest common divisor of 1876 and 697403.
469
What is the greatest common factor of 36 and 1868652?
36
Calculate the greatest common divisor of 211677 and 222.
111
What is the highest common divisor of 11952 and 486?
18
Calculate the highest common factor of 1017 and 551101.
113
Calculate the greatest common divisor of 931655 and 31135.
2395
Calculate the highest common divisor of 108 and 348732.
108
What is the greatest common divisor of 65549 and 23364?
649
Calculate the greatest common divisor of 4456 and 488.
8
Calculate the greatest common factor of 4144 and 6253.
37
Calculate the greatest common factor of 136922 and 3991.
307
Calculate the greatest common factor of 45612 and 84.
84
What is the greatest common factor of 692644 and 5332?
172
Calculate the highest common divisor of 86476 and 52.
52
Calculate the highest common factor of 1157944 and 1272.
424
What is the greatest common divisor of 2679 and 10735?
19
What is the greatest common factor of 501 and 109552?
167
What is the greatest common factor of 72 and 16344?
72
Calculate the highest common factor of 38986 and 10422.
386
What is the highest common divisor of 13865 and 7285?
235
Calculate the highest common factor of 525 and 2740.
5
Calculate the highest common divisor of 2 and 13606.
2
Calculate the highest common divisor of 243066 and 24.
6
Calculate the highest common factor of 22 and 44154.
22
What is the highest common divisor of 50 and 30?
10
What is the greatest common divisor of 2336 and 41245?
73
Calculate the highest common factor of 3899170 and 20.
10
What is the highest common factor of 10 and 3644845?
5
Calculate the highest common divisor of 834 and 160406.
278
What is the highest common divisor of 5709 and 44?
11
Calculate the greatest common factor of 1900 and 128.
4
Calculate the highest common divisor of 3645 and 5265.
405
What is the highest common divisor of 1518 and 6798?
66
What is the highest common factor of 7935 and 65?
5
What is the greatest common divisor of 209485 and 45?
5
Calculate the highest common divisor of 78500 and 30000.
500
Calculate the greatest common factor of 48471 and 7701.
453
Calculate the highest common factor of 433940 and 1300.
260
What is the greatest common factor of 48150 and 40950?
450
Calculate the highest common divisor of 15 and 3119115.
15
What is the greatest common factor of 17332 and 5571?
619
Calculate the greatest common factor of 20 and 92.
4
Calculate the highest common factor of 1534859 and 23.
23
Calculate the highest common factor of 512 and 153984.
128
What is the highest common factor of 132 and 37056?
12
What is the highest common factor of 1263 and 2230037?
421
Calculate the greatest common factor of 59495 and 10220.
365
What is the greatest common factor of 568 and 193972?
284
What is the highest common divisor of 436 and 153581?
109
Calculate the highest common divisor of 42132 and 48.
12
Calculate the highest common divisor of 300 and 107430.
30
Calculate the highest common divisor of 2850 and 400.
50
Calculate the highest common divisor of 4089 and 6250718.
1363
What is the highest common factor of 250980 and 12?
12
What is the highest common divisor of 276959 and 419?
419
Calculate the highest common factor of 869 and 1199.
11
Calculate the highest common divisor of 72 and 10089.
9
What is the greatest common divisor of 1436 and 154729?
359
What is the greatest common divisor of 43 and 202057?
43
What is the highest common factor of 385446 and 849?
849
Calculate the greatest common divisor of 120 and 20120.
40
Calculate the highest common divisor of 29 and 1035039.
29
Calculate the highest common divisor of 1650 and 78165.
15
What is the greatest common divisor of 44 and 37784?
4
What is the greatest common factor of 1224 and 3798?
18
Calculate the highest common factor of 919296 and 63.
63
What is the greatest common divisor of 63393 and 4488?
561
What is the greatest common divisor of 7 and 4226117?
7
What is the highest common divisor of 14259 and 308?
7
What is the highest common divisor of 24 and 217416?
24
Calculate the greatest common divisor of 137828 and 4.
4
Calculate the greatest common factor of 120701 and 903.
301
What is the highest common divisor of 246023 and 5672?
709
Calculate the highest common divisor of 1949717 and 77.
77
Calculate the greatest common divisor of 20 and 729430.
10
Calculate the greatest common divisor of 2800 and 12950.
350
Calculate the greatest common divisor of 30 and 1212870.
30
What is the greatest common divisor of 45495 and 135?
135
What is the highest common factor of 184 and 83053?
23
What is the greatest common divisor of 174 and 40281?
87
Calculate the greatest common factor of 19 and 827.
1
What is the greatest common divisor of 38 and 53941?
19
What is the greatest common divisor of 986 and 111214?
34
What is the greatest common factor of 2 and 235742?
2
Calculate the highest common divisor of 225 and 1441080.
45
What is the greatest common divisor of 740 and 683760?
740
What is the greatest common factor of 14144 and 110500?
884
What is the greatest common factor of 24 and 172686?
6
Calculate the greatest common divisor of 1 and 799903.
1
Calculate the greatest common divisor of 4752 and 704.
176
Calculate the greatest common divisor of 62 and 5040941.
31
Calculate the greatest common factor of 4 and 2953.
1
Calculate the highest common divisor of 7319 and 221.
13
Calculate the greatest common divisor of 36336 and 384.
48
Calculate the greatest common factor of 1548 and 5868.
36
What is the highest common factor of 2522 and 975?
13
Calculate the greatest common factor of 5433 and 9.
3
Calculate the highest common divisor of 42 and 1032738.
42
Calculate the greatest common factor of 1335 and 107601.
267
What is the highest common factor of 27490 and 1320?
10
What is the highest common factor of 125 and 298625?
125
Calculate the greatest common divisor of 25986 and 976.
122
Calculate the greatest common divisor of 2615066 and 3928.
982
Calculate the highest common factor of 707478 and 732.
366
What is the highest common divisor of 1600 and 80200?
200
Calculate the highest common divisor of 13560 and 1470.
30
Calculate the greatest common divisor of 2335658 and 52.
26
Calculate the highest common factor of 59 and 223315.
59
Calculate the greatest common factor of 602 and 11807026.
602
Calculate the greatest common factor of 182 and 87640.
14
Calculate the highest common divisor of 114 and 14991.
57
What is the highe